{"id":84,"date":"2020-05-26T18:53:43","date_gmt":"2020-05-26T16:53:43","guid":{"rendered":"https:\/\/domaine-du-lieu-plaisant.com\/?page_id=84"},"modified":"2024-01-26T18:40:50","modified_gmt":"2024-01-26T17:40:50","slug":"installations","status":"publish","type":"page","link":"https:\/\/domainedulieuplaisant.com\/index.php\/installations\/","title":{"rendered":"Installations"},"content":{"rendered":"\n<p>Le Domaine du Lieu Plaisant vous offre toutes les conditions optimales \u00e0 la pratique de votre passion :<\/p>\n\n\n\n<p><strong>Man\u00e8ge couvert et \u00e9clair\u00e9&nbsp;<\/strong>: 25 m\u00e8tres \/ 40 m\u00e8tres \u2013 Sol TOUBIN Cl\u00e9ment<br><strong>Grande carri\u00e8re<\/strong>&nbsp;: 90 m\u00e8tres \/ 50 m\u00e8tres \u2013 Sol TOUBIN Cl\u00e9ment<br><strong>Paddock de d\u00e9tente<\/strong>&nbsp;: 25 m\u00e8tres \/ 60 m\u00e8tres \u2013 Sol TOUBIN Cl\u00e9ment<br><strong>Rond d\u2019Havrincourt&nbsp;<\/strong>: 20 m\u00e8tres de diam\u00e8tre \u2013 Sol TOUBIN Cl\u00e9ment<br><strong>Piste de galop<\/strong>&nbsp;: 500 m \u2013 Sol TOUBIN Cl\u00e9ment<br><strong>Boxes&nbsp;<\/strong>: 45 boxes fixes \u00e0 l\u2019ann\u00e9e<\/p>\n\n\n\n<p><\/p>\n\n\n\n<figure class=\"wp-block-gallery has-nested-images columns-default is-cropped wp-block-gallery-1 is-layout-flex wp-block-gallery-is-layout-flex\">\n<figure class=\"wp-block-image size-large is-style-default\"><img loading=\"lazy\" decoding=\"async\" width=\"1000\" height=\"750\" data-id=\"96\" src=\"https:\/\/domaine-du-lieu-plaisant.com\/wp-content\/uploads\/2020\/05\/bois-centre-equestre-argeville.jpg\" alt=\"\" class=\"wp-image-96\" srcset=\"https:\/\/domaine-du-lieu-plaisant.com\/wp-content\/uploads\/2020\/05\/bois-centre-equestre-argeville.jpg 1000w, https:\/\/domaine-du-lieu-plaisant.com\/wp-content\/uploads\/2020\/05\/bois-centre-equestre-argeville-300x225.jpg 300w, https:\/\/domaine-du-lieu-plaisant.com\/wp-content\/uploads\/2020\/05\/bois-centre-equestre-argeville-768x576.jpg 768w, https:\/\/domaine-du-lieu-plaisant.com\/wp-content\/uploads\/2020\/05\/bois-centre-equestre-argeville-870x653.jpg 870w, https:\/\/domaine-du-lieu-plaisant.com\/wp-content\/uploads\/2020\/05\/bois-centre-equestre-argeville-390x293.jpg 390w\" sizes=\"auto, (max-width: 1000px) 100vw, 1000px\" \/><\/figure>\n\n\n\n<figure class=\"wp-block-image size-large\"><img loading=\"lazy\" decoding=\"async\" width=\"1024\" height=\"591\" data-id=\"97\" src=\"https:\/\/domaine-du-lieu-plaisant.com\/wp-content\/uploads\/2020\/05\/rond-havrincourt-argeville-1024x591.jpg\" alt=\"\" class=\"wp-image-97\" srcset=\"https:\/\/domaine-du-lieu-plaisant.com\/wp-content\/uploads\/2020\/05\/rond-havrincourt-argeville-1024x591.jpg 1024w, https:\/\/domaine-du-lieu-plaisant.com\/wp-content\/uploads\/2020\/05\/rond-havrincourt-argeville-300x173.jpg 300w, https:\/\/domaine-du-lieu-plaisant.com\/wp-content\/uploads\/2020\/05\/rond-havrincourt-argeville-768x443.jpg 768w, https:\/\/domaine-du-lieu-plaisant.com\/wp-content\/uploads\/2020\/05\/rond-havrincourt-argeville-1170x675.jpg 1170w, https:\/\/domaine-du-lieu-plaisant.com\/wp-content\/uploads\/2020\/05\/rond-havrincourt-argeville-870x502.jpg 870w, https:\/\/domaine-du-lieu-plaisant.com\/wp-content\/uploads\/2020\/05\/rond-havrincourt-argeville-390x225.jpg 390w, https:\/\/domaine-du-lieu-plaisant.com\/wp-content\/uploads\/2020\/05\/rond-havrincourt-argeville.jpg 1200w\" sizes=\"auto, (max-width: 1024px) 100vw, 1024px\" \/><\/figure>\n\n\n\n<figure class=\"wp-block-image size-large\"><img loading=\"lazy\" decoding=\"async\" width=\"1024\" height=\"724\" data-id=\"98\" src=\"https:\/\/domaine-du-lieu-plaisant.com\/wp-content\/uploads\/2020\/05\/paddock-argeville-1024x724.jpg\" alt=\"\" class=\"wp-image-98\" srcset=\"https:\/\/domaine-du-lieu-plaisant.com\/wp-content\/uploads\/2020\/05\/paddock-argeville-1024x724.jpg 1024w, https:\/\/domaine-du-lieu-plaisant.com\/wp-content\/uploads\/2020\/05\/paddock-argeville-300x212.jpg 300w, https:\/\/domaine-du-lieu-plaisant.com\/wp-content\/uploads\/2020\/05\/paddock-argeville-768x543.jpg 768w, https:\/\/domaine-du-lieu-plaisant.com\/wp-content\/uploads\/2020\/05\/paddock-argeville-870x615.jpg 870w, https:\/\/domaine-du-lieu-plaisant.com\/wp-content\/uploads\/2020\/05\/paddock-argeville-390x276.jpg 390w, https:\/\/domaine-du-lieu-plaisant.com\/wp-content\/uploads\/2020\/05\/paddock-argeville.jpg 1131w\" sizes=\"auto, (max-width: 1024px) 100vw, 1024px\" \/><\/figure>\n\n\n\n<figure class=\"wp-block-image size-large\"><img loading=\"lazy\" decoding=\"async\" width=\"1024\" height=\"768\" data-id=\"99\" src=\"https:\/\/domaine-du-lieu-plaisant.com\/wp-content\/uploads\/2020\/05\/grande-carriere-argeville-1024x768.jpg\" alt=\"\" class=\"wp-image-99\" srcset=\"https:\/\/domaine-du-lieu-plaisant.com\/wp-content\/uploads\/2020\/05\/grande-carriere-argeville-1024x768.jpg 1024w, https:\/\/domaine-du-lieu-plaisant.com\/wp-content\/uploads\/2020\/05\/grande-carriere-argeville-300x225.jpg 300w, https:\/\/domaine-du-lieu-plaisant.com\/wp-content\/uploads\/2020\/05\/grande-carriere-argeville-768x576.jpg 768w, https:\/\/domaine-du-lieu-plaisant.com\/wp-content\/uploads\/2020\/05\/grande-carriere-argeville-1170x878.jpg 1170w, https:\/\/domaine-du-lieu-plaisant.com\/wp-content\/uploads\/2020\/05\/grande-carriere-argeville-870x653.jpg 870w, https:\/\/domaine-du-lieu-plaisant.com\/wp-content\/uploads\/2020\/05\/grande-carriere-argeville-390x293.jpg 390w, https:\/\/domaine-du-lieu-plaisant.com\/wp-content\/uploads\/2020\/05\/grande-carriere-argeville.jpg 1200w\" sizes=\"auto, (max-width: 1024px) 100vw, 1024px\" \/><\/figure>\n\n\n\n<figure class=\"wp-block-image size-large\"><img loading=\"lazy\" decoding=\"async\" width=\"880\" height=\"584\" data-id=\"100\" src=\"https:\/\/domaine-du-lieu-plaisant.com\/wp-content\/uploads\/2020\/05\/manege-argeville.jpg\" alt=\"\" class=\"wp-image-100\" srcset=\"https:\/\/domaine-du-lieu-plaisant.com\/wp-content\/uploads\/2020\/05\/manege-argeville.jpg 880w, https:\/\/domaine-du-lieu-plaisant.com\/wp-content\/uploads\/2020\/05\/manege-argeville-300x199.jpg 300w, https:\/\/domaine-du-lieu-plaisant.com\/wp-content\/uploads\/2020\/05\/manege-argeville-768x510.jpg 768w, https:\/\/domaine-du-lieu-plaisant.com\/wp-content\/uploads\/2020\/05\/manege-argeville-870x577.jpg 870w, https:\/\/domaine-du-lieu-plaisant.com\/wp-content\/uploads\/2020\/05\/manege-argeville-390x259.jpg 390w\" sizes=\"auto, (max-width: 880px) 100vw, 880px\" \/><\/figure>\n<\/figure>\n","protected":false},"excerpt":{"rendered":"<p>Le Domaine du Lieu Plaisant vous offre toutes les conditions optimales \u00e0 la pratique de votre passion : Man\u00e8ge couvert et \u00e9clair\u00e9&nbsp;: 25 m\u00e8tres \/ 40 m\u00e8tres \u2013 Sol TOUBIN Cl\u00e9mentGrande carri\u00e8re&nbsp;: 90 m\u00e8tres \/ 50 m\u00e8tres \u2013 Sol TOUBIN Cl\u00e9mentPaddock de d\u00e9tente&nbsp;: 25 m\u00e8tres \/ 60 m\u00e8tres \u2013 Sol TOUBIN Cl\u00e9mentRond d\u2019Havrincourt&nbsp;: 20 m\u00e8tres [&hellip;]<\/p>\n","protected":false},"author":1,"featured_media":143,"parent":0,"menu_order":0,"comment_status":"closed","ping_status":"closed","template":"page.php","meta":{"footnotes":""},"class_list":["post-84","page","type-page","status-publish","has-post-thumbnail","hentry"],"_links":{"self":[{"href":"https:\/\/domainedulieuplaisant.com\/index.php\/wp-json\/wp\/v2\/pages\/84","targetHints":{"allow":["GET"]}}],"collection":[{"href":"https:\/\/domainedulieuplaisant.com\/index.php\/wp-json\/wp\/v2\/pages"}],"about":[{"href":"https:\/\/domainedulieuplaisant.com\/index.php\/wp-json\/wp\/v2\/types\/page"}],"author":[{"embeddable":true,"href":"https:\/\/domainedulieuplaisant.com\/index.php\/wp-json\/wp\/v2\/users\/1"}],"replies":[{"embeddable":true,"href":"https:\/\/domainedulieuplaisant.com\/index.php\/wp-json\/wp\/v2\/comments?post=84"}],"version-history":[{"count":5,"href":"https:\/\/domainedulieuplaisant.com\/index.php\/wp-json\/wp\/v2\/pages\/84\/revisions"}],"predecessor-version":[{"id":342,"href":"https:\/\/domainedulieuplaisant.com\/index.php\/wp-json\/wp\/v2\/pages\/84\/revisions\/342"}],"wp:featuredmedia":[{"embeddable":true,"href":"https:\/\/domainedulieuplaisant.com\/index.php\/wp-json\/wp\/v2\/media\/143"}],"wp:attachment":[{"href":"https:\/\/domainedulieuplaisant.com\/index.php\/wp-json\/wp\/v2\/media?parent=84"}],"curies":[{"name":"wp","href":"https:\/\/api.w.org\/{rel}","templated":true}]}}